of 561.
3, 11, 17
List the prime factors of 8881.
83, 107
List the prime factors of 27832.
2, 7, 71
List the prime factors of 13836.
2, 3, 1153
List the prime factors of 13348.
2, 47, 71
What are the prime factors of 4971?
3, 1657
What are the prime factors of 896?
2, 7
List the prime factors of 13940.
2, 5, 17, 41
What are the prime factors of 30768?
2, 3, 641
List the prime factors of 238.
2, 7, 17
List the prime factors of 23322.
2, 3, 13, 23
List the prime factors of 1062.
2, 3, 59
What are the prime factors of 22641?
3, 7547
List the prime factors of 29154.
2, 3, 43, 113
List the prime factors of 1311.
3, 19, 23
What are the prime factors of 115?
5, 23
What are the prime factors of 8611?
79, 109
List the prime factors of 11039.
7, 19, 83
List the prime factors of 14997.
3, 4999
What are the prime factors of 40456?
2, 13, 389
List the prime factors of 7104.
2, 3, 37
What are the prime factors of 785?
5, 157
What are the prime factors of 6245?
5, 1249
List the prime factors of 995.
5, 199
List the prime factors of 1240.
2, 5, 31
What are the prime factors of 16011?
3, 593
List the prime factors of 4624.
2, 17
List the prime factors of 98889.
3, 7, 17, 277
List the prime factors of 25186.
2, 7, 257
What are the prime factors of 3879?
3, 431
List the prime factors of 20885.
5, 4177
What are the prime factors of 3720?
2, 3, 5, 31
What are the prime factors of 5286?
2, 3, 881
What are the prime factors of 9008?
2, 563
List the prime factors of 2890.
2, 5, 17
List the prime factors of 2632.
2, 7, 47
What are the prime factors of 13622?
2, 7, 139
What are the prime factors of 5052?
2, 3, 421
What are the prime factors of 32212?
2, 8053
List the prime factors of 32425.
5, 1297
What are the prime factors of 4200?
2, 3, 5, 7
List the prime factors of 8813.
7, 1259
What are the prime factors of 4276?
2, 1069
List the prime factors of 15500.
2, 5, 31
What are the prime factors of 442?
2, 13, 17
List the prime factors of 19779.
3, 19, 347
What are the prime factors of 94367?
7, 13, 17, 61
List the prime factors of 57677.
137, 421
What are the prime factors of 5248?
2, 41
What are the prime factors of 5008?
2, 313
What are the prime factors of 83238?
2, 3, 13873
List the prime factors of 453.
3, 151
List the prime factors of 55362.
2, 3, 9227
List the prime factors of 27585.
3, 5, 613
What are the prime factors of 15195?
3, 5, 1013
What are the prime factors of 6554?
2, 29, 113
List the prime factors of 51837.
3, 37, 467
What are the prime factors of 1823?
1823
What are the prime factors of 5411?
7, 773
What are the prime factors of 2205?
3, 5, 7
List the prime factors of 106.
2, 53
What are the prime factors of 39537?
3, 23, 191
List the prime factors of 7846.
2, 3923
List the prime factors of 1505.
5, 7, 43
List the prime factors of 25606.
2, 7, 31, 59
What are the prime factors of 33209?
11, 3019
What are the prime factors of 119469?
3, 7, 5689
List the prime factors of 2775.
3, 5, 37
What are the prime factors of 983?
983
List the prime factors of 1168.
2, 73
List the prime factors of 623.
7, 89
What are the prime factors of 3710?
2, 5, 7, 53
What are the prime factors of 33876?
2, 3, 941
List the prime factors of 460.
2, 5, 23
What are the prime factors of 132050?
2, 5, 19, 139
What are the prime factors of 4640?
2, 5, 29
List the prime factors of 9959.
23, 433
What are the prime factors of 4703?
4703
What are the prime factors of 3028?
2, 757
List the prime factors of 87853.
87853
List the prime factors of 65012.
2, 16253
What are the prime factors of 10077?
3, 3359
List the prime factors of 71207.
31, 2297
List the prime factors of 2892.
2, 3, 241
What are the prime factors of 427?
7, 61
What are the prime factors of 1878?
2, 3, 313
What are the prime factors of 14770?
2, 5, 7, 211
List the prime factors of 125310.
2, 3, 5, 4177
List the prime factors of 5357.
11, 487
What are the prime factors of 7651?
7, 1093
List the prime factors of 493.
17, 29
What are the prime factors of 6712?
2, 839
List the prime factors of 6979.
7, 997
What are the prime factors of 50912?
2, 37, 43
List the prime factors of 152494.
2, 19, 4013
What are the prime factors of 26665?
5, 5333
What are the prime factors of 14797?
14797
What are the prime factors of 1042?
2, 521
What are the prime factors of 90886?
2, 29, 1567
What are the prime factors of 55078?
2, 27539
What are the prime factors of 89180?
2, 5, 7, 13
List the prime factors of 23642.
2, 11821
List the prime factors of 209.
11, 19
List the prime factors of 2411.
2411
What are the prime factors of 16054?
2, 23, 349
List the prime factors of 11188.
2, 2797
What are the prime factors of 389?
389
List the prime factors of 1199.
11, 109
List the prime factors of 299.
13, 23
What are the prime factors of 21010?
2, 5, 11, 191
What are the prime factors of 82920?
2, 3, 5, 691
What are the prime factors of 9653?
7, 197
List the prime factors of 6469.
6469
List the prime factors of 539.
7, 11
What are the prime factors of 4978?
2, 19, 131
List the prime factors of 188383.
13, 43, 337
What are the prime factors of 5167?
5167
List the prime factors of 143.
11, 13
What are the prime factors of 22706?
2, 11353
List the prime factors of 573.
3, 191
What are the prime factors of 3405?
3, 5, 227
What are the prime factors of 90876?
2, 3, 7573
What are the prime factors of 1551?
3, 11, 47
List the prime factors of 4508.
2, 7, 23
List the prime factors of 1058.
2, 23
List the prime factors of 24125.
5, 193
List the prime factors of 77110.
2, 5, 11, 701
List the prime factors of 11930.
2, 5, 1193
What are the prime factors of 100015?
5, 83, 241
What are the prime factors of 1274?
2, 7, 13
What are the prime factors of 7650?
2, 3, 5, 17
List the prime factors of 4605.
3, 5, 307
List the prime factors of 9558.
2, 3, 59
What are the prime factors of 1324?
2, 331
List the prime factors of 13682.
2, 6841
What are the prime factors of 9713?
11, 883
List the prime factors of 9697.
9697
List the prime factors of 39910.
2, 5, 13, 307
What are the prime factors of 6507?
3, 241
What are the prime factors of 959?
7, 137
List the prime factors of 6777.
3, 251
What are the prime factors of 94118?
2, 47059
List the prime factors of 13153.
7, 1879
What are the prime factors of 3853?
3853
List the prime factors of 2097.
3, 233
What are the prime factors of 14802?
2, 3, 2467
What are the prime factors of 47?
47
What are the prime factors of 1254?
2, 3, 11, 19
What are the prime factors of 1892?
2, 11, 43
List the prime factors of 851.
23, 37
List the prime factors of 43688.
2, 43, 127
What are the prime factors of 15014?
2, 7507
What are the prime factors of 35493?
3, 11831
List the prime factors of 137.
137
List the prime factors of 2451.
3, 19, 43
List the prime factors of 56650.
2, 5, 11, 103
What are the prime factors of 109?
109
What are the prime factors of 220?
2, 5, 11
List the prime factors of 303.
3, 101
What are the prime factors of 2242?
2, 19, 59
List the prime factors of 850.
2, 5, 17
List the prime factors of 3190.
2, 5, 11, 29
What are the prime factors of 5440?
2, 5, 17
List the prime factors of 842.
2, 421
List the prime factors of 1791.
3, 199
What are the prime factors of 1816?
2, 227
What are the prime factors of 603?
3, 67
What are the prime factors of 2924?
2, 17, 43
List the prime factors of 8093.
8093
List the prime factors of 100.
2, 5
What are the prime factors of 6711?
3, 2237
List the prime factors of 4045.
5, 809
List the prime factors of 41589.
3, 4621
What are the prime factors of 3312?
2, 3, 23
What are the prime factors of 471?
3, 157
What are the prime factors of 67063?
199, 337
What are the prime factors of 485?
5, 97
What are the prime factors of 7789?
7789
What are the prime factors of 41196?
2, 3, 3433
List the prime factors of 968.
2, 11
List the prime factors of 53019.
3, 43, 137
List the prime factors of 17797.
13, 37
What are the prime factors of 19933?
31, 643
List the prime factors of 3321.
3, 41
List the prime factors of 30395.
5, 6079
What are the prime factors of 13904?
2, 11, 79
What are the prime factors of 190913?
190913
What are the prime factors of 141404?
2, 23, 29, 53
List the prime factors of 3367.
7, 13, 37
List the prime factors of 1127.
7, 23
What are the prime factors of 156030?
2, 